 43
Let d = 2822 - 1291. Suppose -5*f + d - 391 = 0. What are the prime factors of f?
2, 3, 19
Let s(x) = 9 - 3*x + 9 + 11 + 26*x**2. What are the prime factors of s(4)?
433
Let x be ((-769)/(-4) + 0)*(10 + 2). What are the prime factors of (17 - 14)*x/9?
769
Suppose -234 = -2*r - 5*g - 1667, 2872 = -4*r - 4*g. Let n = -390 - r. What are the prime factors of n?
7, 47
Let y = 269 + -266. Suppose y*p + 4*r + 2652 = 7*p, 2*p - 1332 = 5*r. What are the prime factors of p?
661
Let u(z) = -2975*z**3 - 4*z**2 - 6*z - 4. Let d be u(-2). Suppose -9*n + d = 7*n. What are the prime factors of n?
1487
Let o be (-3 + 1259)*12/16. Let b be o/(-4) + 10/(-20). Let m = 417 + b. List the prime factors of m.
181
Let c(i) = i**2 + 3*i. Let r(u) = -5*u + 27. Let d be r(6). Let p be c(d). Suppose l + 3*l - 44 = p. What are the prime factors of l?
11
Let s(n) = -139*n - 23. Let l be s(-9). Let i = l + -725. List the prime factors of i.
503
Suppose -h - 4760 = -6*h. Suppose 0 = 4*p - 2968 + h. List the prime factors of p.
2, 3, 7
Suppose -5*o + 4*h + 15249 = -4*o, 2*o + 5*h - 30498 = 0. List the prime factors of o.
3, 13, 17, 23
Let b(a) = -a**3 + 21*a**2 - 19*a - 18. Let c be b(20). Suppose 5*h - y - 729 - 726 = 0, -c*h = -2*y - 574. What are the prime factors of h?
2, 73
Suppose -28*i + 362794 + 408821 + 29857 = 0. What are the prime factors of i?
2, 1789
Let u(f) = 676*f**2 + 10*f - 189. List the prime factors of u(-7).
3, 5, 7, 313
Let l be 3/12 + (-1914)/(-24). Suppose 11*u - 3*u + l = 0. What are the prime factors of -2*(-5)/u + 110?
109
Let p(y) = -y**3 + 2*y + 1. Let f be p(2). Let k be 376/40 + f/(-5). Suppose 2*j = 3*m - 168, 5*j = m - k - 59. List the prime factors of m.
2, 3
Let f be 6 + (12/(-3))/2. Let w = 306 + -155. Suppose f*d = 29 + w. What are the prime factors of d?
3, 5
Let x be 2316/16 + (-3)/4. Let k be (-8)/(-4) + -11 - -81. Suppose x = -66*j + k*j. What are the prime factors of j?
2, 3
Let s = 34 + -29. Suppose -2*j + 38 = -0*j + o, 2*j - 4*o = 48. Suppose 4*d - j = 0, -24 = 4*k - s*d - 171. List the prime factors of k.
43
Suppose -5*o + j + 28 = 0, 2*j = -3*o + 26 - 4. Let u(c) = o + 40*c + 2*c**2 + 10 - 10*c - 4. What are the prime factors of u(-17)?
2, 5
Suppose 12*n - 7*n = 15. Suppose -2*r + 3*g = r - 960, -3*r = n*g - 984. What are the prime factors of r?
2, 3
Let a = -30 + 36. Suppose 3*o + 6 = a*o. Suppose -c + o*y = -43, 0*y + 4*y + 188 = 4*c. List the prime factors of c.
3, 17
Let d = 187 - 103. Let t = 59 - d. Let l = -3 - t. List the prime factors of l.
2, 11
Let y = -69961 + 118842. What are the prime factors of y?
7, 6983
Suppose -44468 = -2*w + 19*z - 21*z, 4*w - 5*z = 88918. List the prime factors of w.
2, 7, 397
Suppose 40 + 1034 = 6*x. Suppose 2*m = 519 - x. Suppose -2*v + m + 148 = 0. List the prime factors of v.
3, 53
Let m(h) be the first derivative of 2*h**2 - 11*h + 13. Let s be (-3)/(18/(-8))*(-918)/(-68). What are the prime factors of m(s)?
61
Suppose 35 + 8 = -4*p - 3*j, 0 = 2*j + 2. Let g be (-1)/(-1 + 18/15). List the prime factors of g/(175/p) + 1340/14.
2, 3
Let s = -1256 + 1962. What are the prime factors of s?
2, 353
Let a(v) = 15*v + 0*v - 6*v + v**2 - 7*v - 7. Let t be a(-6). Let k(q) = q**2 - 7*q + 20. What are the prime factors of k(t)?
2, 5, 19
Suppose -5*n = -7169 + 2769. List the prime factors of 87/(-4)*n/(-60).
11, 29
Let h = 52641 + -19533. What are the prime factors of h?
2, 3, 31, 89
Let c = 14772 + -3679. List the prime factors of c.
11093
Let a = 27132 - 17292. What are the prime factors of a?
2, 3, 5, 41
Let l = 221 - -1271. Let k = -269 + l. List the prime factors of k.
1223
Let q = 809 + -779. What are the prime factors of (1/2 - -2) + 9345/q?
2, 157
Suppose -f + 6222 = 20*j - 23*j, 4*j = -3*f + 18744. What are the prime factors of f?
2, 3, 5, 13
Let f(w) = 12*w**3 - 32*w**2 + 18*w - 7. List the prime factors of f(13).
3, 23, 307
Suppose 586*o = 630*o - 319484. List the prime factors of o.
53, 137
What are the prime factors of 363/12*2*(-9 - -155)?
11, 73
Let t = 1207 - 771. Suppose 332 = 6*v - t. Suppose -z + 3 = -4*a - 27, 5*z = -2*a + v. What are the prime factors of z?
2, 13
Suppose -q = -5*n + 2370, 0 = 2*n - 0*q + q - 941. What are the prime factors of n?
11, 43
Let r = 11745 - 6619. What are the prime factors of r?
2, 11, 233
Suppose -1398*u + 163356 = -1394*u + 5*j, -5*u + 204195 = -2*j. What are the prime factors of u?
3, 13613
Let t = -914 + 919. What are the prime factors of 312 + 2 + 2 + (t - 5)?
2, 79
Let p be (6436/36 - 4) + (-4)/(-18). Let h = p - 81. List the prime factors of h.
2, 47
Suppose 49052 - 263448 = -7*k. Suppose 33*q - 9896 - k = 0. List the prime factors of q.
2, 307
List the prime factors of 2/(((-6)/(-4))/((-4)/((-128)/181416))).
7559
Let s(i) = 389*i**2 + 268*i - 2207. List the prime factors of s(8).
19, 1307
What are the prime factors of (-4)/3 - (-10508684)/321?
2, 3, 11, 31
Suppose 0 = 3*j - 8*j + i + 20, 2*j + 3*i - 8 = 0. Suppose 685 = d - j*r, 21*d - 18*d + 2*r - 2027 = 0. List the prime factors of d.
677
Let r be 1*((-2 - -2) + -13 + 2). Let z(o) = -o**3 - 12*o**2 - 15*o - 10. Let c be z(r). List the prime factors of (0 - -5)/(-5)*-5*c.
2, 5, 17
Suppose -5*d - 1 = -21. Suppose 0 = 2*v - 4*v - 3*w + 22, -d*v + 36 = 4*w. Suppose 0 = -2*a - v*m + 128, -4*m = -a - m + 86. List the prime factors of a.
2, 37
Suppose 6*l - 10*l = -16. Suppose 3*x - l*x = -2. Suppose -y + 2*n + 204 = 0, 5*y - 1020 = x*n - 0*n. List the prime factors of y.
2, 3, 17
Let q = -643 - -811. Suppose 1932 = q*h - 154*h. What are the prime factors of h?
2, 3, 23
Let p be (-5 - -4)*(3 - 6/6). What are the prime factors of 2/(p + 10098/5046)?
2, 29
Let x = 63 - 61. Suppose 4*h + 3*h = -x*h. Suppose 2*o + 3*o - 200 = h. What are the prime factors of o?
2, 5
Suppose 8*j - 128 = 72. Suppose 4*f - 4*d + 11 = 75, 0 = -5*d - j. Let u = f + 2. List the prime factors of u.
13
Let b = -29 - -56. Suppose -b + 3 = 12*c. Let a(p) = -10*p**3 - 3*p**2 - p + 2. List the prime factors of a(c).
2, 3
Let u(x) = 197*x**2 + 113*x + 547. List the prime factors of u(-12).
7, 31, 127
Suppose 2*m = -3*r + 12428, 4*m = -46*r + 49*r + 24892. What are the prime factors of m?
2, 5, 311
Let l = 44144 + 16076. What are the prime factors of l?
2, 5, 3011
Let c(k) = -5*k + 50. Let p be c(18). What are the prime factors of p/50 + 76/20?
3
Let m = -10088 - -12134. List the prime factors of m.
2, 3, 11, 31
Let a(i) = -7*i + 2. Let r be a(2). Let p = -1 - r. Let v(m) = -m**3 + 13*m**2 - 4*m - 38. What are the prime factors of v(p)?
2, 5
Let o(t) = -3*t + 144. Let r be o(48). Suppose 7873 = 4*n - i, r = 3*n + 4*i - 9414 + 3533. List the prime factors of n.
7, 281
Let n be (3 + (-96)/30)*-1795. Let v be -185 + 1/(4/8). Let f = n + v. List the prime factors of f.
2, 11
Suppose -5*n = 17*u - 133854, -2*u + 5*n + 6504 = -9210. List the prime factors of u.
2, 3, 41
Suppose 5*q + 945 + 945 = 0. Let a = q - -457. What are the prime factors of a?
79
Let y be ((-3)/(-4))/((-3)/(-756)). Suppose -4*r + r + 207 = 3*h, 240 = 4*h - 5*r. Suppose -d + y - h = 5*a, -3*a + 73 = 2*d. What are the prime factors of a?
5
Suppose 272*c + 21 = 279*c. List the prime factors of c + 7462/35 + 4/(-20).
2, 3
Suppose -m = 5*y - 15 - 4, m - 3*y = 11. Let w be -3*(2 - -3 - 2). Let b = m + w. List the prime factors of b.
5
Suppose -167652 = -123*i + 626474 - 101513. List the prime factors of i.
3, 1877
Let j be -1 - (-2)/(-2) - -7. Suppose 0 = -4*d + j + 11. List the prime factors of (2 + 266)/(8/d).
2, 67
What are the prime factors of (-14 - -10590) + (11 - 19)*2/(-4)?
2, 5, 23
What are the prime factors of (6 - (-449)/3)/((-3)/(-486))?
2, 3, 467
Suppose -4*l + 25981 = -u, -5*l - 4*u + 3219 = -29273. List the prime factors of l.
2, 7, 29
Suppose 0 = 54*f - 367368 - 966569 - 1082671. List the prime factors of f.
2, 2797
Suppose g + 5*j = 23708 + 3583, 81969 = 3*g - j. What are the prime factors of g?
3, 7, 1301
Let n(m) = 10*m**2 - 20 + 2*m**3 - 11 + 12 - 28*m**2 + 5*m. List the prime factors of n(10).
3, 7, 11
Suppose -2*b + 6571 = -5*t - 3013, t + 4801 = b. List the prime factors of b.
11, 19, 23
Let s(c) = -c**3 - 4*c**2 - 4*c - 1. Let q be s(-3). Suppose -q*a = a - 522. Let n = 360 - a. List the prime factors of n.
2, 3, 31
Let b = 17737 + -9726. What 